{"id":69,"date":"2020-09-05T19:07:02","date_gmt":"2020-09-05T19:07:02","guid":{"rendered":"https:\/\/www.cuencasmineras.com\/?page_id=69"},"modified":"2022-02-28T13:37:15","modified_gmt":"2022-02-28T13:37:15","slug":"morcin","status":"publish","type":"page","link":"https:\/\/www.cuencasmineras.com\/index.php\/caudal\/morcin\/","title":{"rendered":"Morc\u00edn"},"content":{"rendered":"<p><a href=\"https:\/\/www.morcin.es\/\"><img loading=\"lazy\" decoding=\"async\" class=\"aligncenter size-full wp-image-1622\" src=\"https:\/\/www.cuencasmineras.com\/wp-content\/uploads\/2021\/01\/Morcin-Banner.png\" alt=\"\" width=\"1350\" height=\"407\" srcset=\"https:\/\/www.cuencasmineras.com\/wp-content\/uploads\/2021\/01\/Morcin-Banner.png 1350w, https:\/\/www.cuencasmineras.com\/wp-content\/uploads\/2021\/01\/Morcin-Banner-300x90.png 300w, https:\/\/www.cuencasmineras.com\/wp-content\/uploads\/2021\/01\/Morcin-Banner-1024x309.png 1024w, https:\/\/www.cuencasmineras.com\/wp-content\/uploads\/2021\/01\/Morcin-Banner-768x232.png 768w\" sizes=\"auto, (max-width: 1350px) 100vw, 1350px\" \/><\/a><\/p>\n<table style=\"height: 473px;\" border=\"3\" width=\"564\" cellspacing=\"1\" cellpadding=\"1\">\n<caption>\u00a0<\/caption>\n<thead>\n<tr>\n<th style=\"text-align: left;\" scope=\"col\">Aver\u00edas y Guardias<\/th>\n<th style=\"text-align: left;\" scope=\"col\"><a href=\"tel:696 578 482\" data-wpel-link=\"internal\">Llamar: 696 578 482<\/a><\/th>\n<\/tr>\n<tr>\n<th style=\"text-align: left;\" scope=\"col\"><strong>Ayuntamiento &#8211;\u00a0Centralita<\/strong><\/th>\n<th scope=\"col\"><a href=\"tel:985 78 31 78\" data-wpel-link=\"internal\">Llamar: 985 78 31 78<\/a><\/th>\n<\/tr>\n<\/thead>\n<tbody>\n<tr>\n<td><strong>Piscina Municipal<\/strong><\/td>\n<td><a href=\"tel:985 78 36 02\" data-wpel-link=\"internal\">Llamar: 985 78 36 02<\/a><\/td>\n<\/tr>\n<tr>\n<td><strong>Centro Rural de Apoyo Diurno\u00a0(CRAD)<\/strong><\/td>\n<td><a href=\"tel:985 79 62 35\" data-wpel-link=\"internal\">Llamar: 985 79 62 35<\/a><\/td>\n<\/tr>\n<tr>\n<td><strong>Biblioteca Municipal<\/strong><\/td>\n<td><a href=\"tel:985 78 35 25\" data-wpel-link=\"internal\">Llamar: 985 78 35 25<\/a><\/td>\n<\/tr>\n<tr>\n<td><strong>CDTL (Telecentro)<\/strong><\/td>\n<td><a href=\"tel:647 922 077\" data-wpel-link=\"internal\">Llamar: 647 922 077<\/a><\/td>\n<\/tr>\n<tr>\n<td><strong>Colegio P\u00fablico de La Foz<\/strong><\/td>\n<td><a href=\"tel:985 79 50 73\" data-wpel-link=\"internal\">Llamar: 985 79 50 73<\/a><\/td>\n<\/tr>\n<tr>\n<td><strong>Escuela Infantil de 0 a 3 a\u00f1os Monsacro<\/strong><\/td>\n<td><a href=\"tel:676 717 421\" data-wpel-link=\"internal\">Llamar: 676 717 421<\/a><\/td>\n<\/tr>\n<tr>\n<td><strong>Servicios Sociales<\/strong><\/td>\n<td><a href=\"tel:985 78 31 62\" data-wpel-link=\"internal\">Llamar: 985 78 31 62<\/a><\/td>\n<\/tr>\n<tr>\n<td><strong>Centro de Salud<\/strong><\/td>\n<td><a href=\"tel:985 78 31 63\" data-wpel-link=\"internal\">Llamar: 985 78 31 63<\/a><\/td>\n<\/tr>\n<tr>\n<td><\/td>\n<td><\/td>\n<\/tr>\n<\/tbody>\n<\/table>\n<p>Otra informaci\u00f3n de interes:<\/p>\n<p class=\"qrShPb kno-ecr-pt PZPZlf q8U8x\" data-dtype=\"d3ifr\" data-local-attribute=\"d3bn\" data-attrid=\"title\" data-ved=\"2ahUKEwiFuof9wKL2AhUM2BoKHYHJBVIQ3B0oAXoECCkQAg\"><strong>Taxi Morc\u00edn &#8211; Jose \u00a0\u00a0 \u00a0\u00a0 \u00a0\u00a0 \u00a0\u00a0 \u00a0\u00a0 \u00a0\u00a0 \u00a0\u00a0 \u00a0\u00a0 \u00a0\u00a0 \u00a0\u00a0 \u00a0\u00a0 \u00a0\u00a0 \u00a0<\/strong><a href=\"tel:985 79 69 88\" data-wpel-link=\"internal\"><strong>Llamar: 985 79 69 88<\/strong><\/a><\/p>\n<p>&nbsp;<\/p>\n<p>&nbsp;<\/p>\n<p>&nbsp;<\/p>\n<p>&nbsp;<\/p>\n","protected":false},"excerpt":{"rendered":"<p>\u00a0 Aver\u00edas y Guardias Llamar: 696 578 482 Ayuntamiento &#8211;\u00a0Centralita Llamar: 985 78 31 78 Piscina Municipal Llamar: 985 78 36 02 Centro Rural de Apoyo Diurno\u00a0(CRAD) Llamar: 985 79 62 35 Biblioteca Municipal Llamar: 985 78 35 25 CDTL (Telecentro) Llamar: 647 922 077 Colegio P\u00fablico de La Foz Llamar: 985 79 50 73 [&hellip;]<\/p>\n","protected":false},"author":1,"featured_media":239,"parent":51,"menu_order":0,"comment_status":"closed","ping_status":"closed","template":"","meta":{"footnotes":""},"class_list":["post-69","page","type-page","status-publish","has-post-thumbnail","hentry"],"yoast_head":"<!-- This site is optimized with the Yoast SEO plugin v27.4 - https:\/\/yoast.com\/product\/yoast-seo-wordpress\/ -->\n<title>Morc\u00edn - CuencasMineras.com<\/title>\n<meta name=\"description\" content=\"Si eres morcinieg@ aqu\u00ed tienes toda la informaci\u00f3n de tu inter\u00e9s del concejo de Morc\u00edn al que perteneces. \u00a1Esperemos que te guste!\" \/>\n<meta name=\"robots\" content=\"index, follow, max-snippet:-1, max-image-preview:large, max-video-preview:-1\" \/>\n<link rel=\"canonical\" href=\"https:\/\/www.cuencasmineras.com\/index.php\/caudal\/morcin\/\" \/>\n<meta property=\"og:locale\" content=\"es_ES\" \/>\n<meta property=\"og:type\" content=\"article\" \/>\n<meta property=\"og:title\" content=\"Morc\u00edn - CuencasMineras.com\" \/>\n<meta property=\"og:description\" content=\"Si eres morcinieg@ aqu\u00ed tienes toda la informaci\u00f3n de tu inter\u00e9s del concejo de Morc\u00edn al que perteneces. \u00a1Esperemos que te guste!\" \/>\n<meta property=\"og:url\" content=\"https:\/\/www.cuencasmineras.com\/index.php\/caudal\/morcin\/\" \/>\n<meta property=\"article:modified_time\" content=\"2022-02-28T13:37:15+00:00\" \/>\n<meta property=\"og:image\" content=\"https:\/\/www.cuencasmineras.com\/wp-content\/uploads\/2020\/09\/1200px-Morcin_coat_of_arms.svg.png\" \/>\n\t<meta property=\"og:image:width\" content=\"1200\" \/>\n\t<meta property=\"og:image:height\" content=\"1697\" \/>\n\t<meta property=\"og:image:type\" content=\"image\/png\" \/>\n<meta name=\"twitter:card\" content=\"summary_large_image\" \/>\n<script type=\"application\/ld+json\" class=\"yoast-schema-graph\">{\"@context\":\"https:\\\/\\\/schema.org\",\"@graph\":[{\"@type\":\"WebPage\",\"@id\":\"https:\\\/\\\/www.cuencasmineras.com\\\/index.php\\\/caudal\\\/morcin\\\/\",\"url\":\"https:\\\/\\\/www.cuencasmineras.com\\\/index.php\\\/caudal\\\/morcin\\\/\",\"name\":\"Morc\u00edn - CuencasMineras.com\",\"isPartOf\":{\"@id\":\"https:\\\/\\\/www.cuencasmineras.com\\\/#website\"},\"primaryImageOfPage\":{\"@id\":\"https:\\\/\\\/www.cuencasmineras.com\\\/index.php\\\/caudal\\\/morcin\\\/#primaryimage\"},\"image\":{\"@id\":\"https:\\\/\\\/www.cuencasmineras.com\\\/index.php\\\/caudal\\\/morcin\\\/#primaryimage\"},\"thumbnailUrl\":\"https:\\\/\\\/www.cuencasmineras.com\\\/wp-content\\\/uploads\\\/2020\\\/09\\\/1200px-Morcin_coat_of_arms.svg.png\",\"datePublished\":\"2020-09-05T19:07:02+00:00\",\"dateModified\":\"2022-02-28T13:37:15+00:00\",\"description\":\"Si eres morcinieg@ aqu\u00ed tienes toda la informaci\u00f3n de tu inter\u00e9s del concejo de Morc\u00edn al que perteneces. \u00a1Esperemos que te guste!\",\"breadcrumb\":{\"@id\":\"https:\\\/\\\/www.cuencasmineras.com\\\/index.php\\\/caudal\\\/morcin\\\/#breadcrumb\"},\"inLanguage\":\"es\",\"potentialAction\":[{\"@type\":\"ReadAction\",\"target\":[\"https:\\\/\\\/www.cuencasmineras.com\\\/index.php\\\/caudal\\\/morcin\\\/\"]}]},{\"@type\":\"ImageObject\",\"inLanguage\":\"es\",\"@id\":\"https:\\\/\\\/www.cuencasmineras.com\\\/index.php\\\/caudal\\\/morcin\\\/#primaryimage\",\"url\":\"https:\\\/\\\/www.cuencasmineras.com\\\/wp-content\\\/uploads\\\/2020\\\/09\\\/1200px-Morcin_coat_of_arms.svg.png\",\"contentUrl\":\"https:\\\/\\\/www.cuencasmineras.com\\\/wp-content\\\/uploads\\\/2020\\\/09\\\/1200px-Morcin_coat_of_arms.svg.png\",\"width\":1200,\"height\":1697,\"caption\":\"Morc\u00edn\"},{\"@type\":\"BreadcrumbList\",\"@id\":\"https:\\\/\\\/www.cuencasmineras.com\\\/index.php\\\/caudal\\\/morcin\\\/#breadcrumb\",\"itemListElement\":[{\"@type\":\"ListItem\",\"position\":1,\"name\":\"Portada\",\"item\":\"https:\\\/\\\/www.cuencasmineras.com\\\/\"},{\"@type\":\"ListItem\",\"position\":2,\"name\":\"CAUDAL\",\"item\":\"https:\\\/\\\/www.cuencasmineras.com\\\/index.php\\\/caudal\\\/\"},{\"@type\":\"ListItem\",\"position\":3,\"name\":\"Morc\u00edn\"}]},{\"@type\":\"WebSite\",\"@id\":\"https:\\\/\\\/www.cuencasmineras.com\\\/#website\",\"url\":\"https:\\\/\\\/www.cuencasmineras.com\\\/\",\"name\":\"\",\"description\":\"\",\"potentialAction\":[{\"@type\":\"SearchAction\",\"target\":{\"@type\":\"EntryPoint\",\"urlTemplate\":\"https:\\\/\\\/www.cuencasmineras.com\\\/?s={search_term_string}\"},\"query-input\":{\"@type\":\"PropertyValueSpecification\",\"valueRequired\":true,\"valueName\":\"search_term_string\"}}],\"inLanguage\":\"es\"}]}<\/script>\n<!-- \/ Yoast SEO plugin. -->","yoast_head_json":{"title":"Morc\u00edn - CuencasMineras.com","description":"Si eres morcinieg@ aqu\u00ed tienes toda la informaci\u00f3n de tu inter\u00e9s del concejo de Morc\u00edn al que perteneces. \u00a1Esperemos que te guste!","robots":{"index":"index","follow":"follow","max-snippet":"max-snippet:-1","max-image-preview":"max-image-preview:large","max-video-preview":"max-video-preview:-1"},"canonical":"https:\/\/www.cuencasmineras.com\/index.php\/caudal\/morcin\/","og_locale":"es_ES","og_type":"article","og_title":"Morc\u00edn - CuencasMineras.com","og_description":"Si eres morcinieg@ aqu\u00ed tienes toda la informaci\u00f3n de tu inter\u00e9s del concejo de Morc\u00edn al que perteneces. \u00a1Esperemos que te guste!","og_url":"https:\/\/www.cuencasmineras.com\/index.php\/caudal\/morcin\/","article_modified_time":"2022-02-28T13:37:15+00:00","og_image":[{"width":1200,"height":1697,"url":"https:\/\/www.cuencasmineras.com\/wp-content\/uploads\/2020\/09\/1200px-Morcin_coat_of_arms.svg.png","type":"image\/png"}],"twitter_card":"summary_large_image","schema":{"@context":"https:\/\/schema.org","@graph":[{"@type":"WebPage","@id":"https:\/\/www.cuencasmineras.com\/index.php\/caudal\/morcin\/","url":"https:\/\/www.cuencasmineras.com\/index.php\/caudal\/morcin\/","name":"Morc\u00edn - CuencasMineras.com","isPartOf":{"@id":"https:\/\/www.cuencasmineras.com\/#website"},"primaryImageOfPage":{"@id":"https:\/\/www.cuencasmineras.com\/index.php\/caudal\/morcin\/#primaryimage"},"image":{"@id":"https:\/\/www.cuencasmineras.com\/index.php\/caudal\/morcin\/#primaryimage"},"thumbnailUrl":"https:\/\/www.cuencasmineras.com\/wp-content\/uploads\/2020\/09\/1200px-Morcin_coat_of_arms.svg.png","datePublished":"2020-09-05T19:07:02+00:00","dateModified":"2022-02-28T13:37:15+00:00","description":"Si eres morcinieg@ aqu\u00ed tienes toda la informaci\u00f3n de tu inter\u00e9s del concejo de Morc\u00edn al que perteneces. \u00a1Esperemos que te guste!","breadcrumb":{"@id":"https:\/\/www.cuencasmineras.com\/index.php\/caudal\/morcin\/#breadcrumb"},"inLanguage":"es","potentialAction":[{"@type":"ReadAction","target":["https:\/\/www.cuencasmineras.com\/index.php\/caudal\/morcin\/"]}]},{"@type":"ImageObject","inLanguage":"es","@id":"https:\/\/www.cuencasmineras.com\/index.php\/caudal\/morcin\/#primaryimage","url":"https:\/\/www.cuencasmineras.com\/wp-content\/uploads\/2020\/09\/1200px-Morcin_coat_of_arms.svg.png","contentUrl":"https:\/\/www.cuencasmineras.com\/wp-content\/uploads\/2020\/09\/1200px-Morcin_coat_of_arms.svg.png","width":1200,"height":1697,"caption":"Morc\u00edn"},{"@type":"BreadcrumbList","@id":"https:\/\/www.cuencasmineras.com\/index.php\/caudal\/morcin\/#breadcrumb","itemListElement":[{"@type":"ListItem","position":1,"name":"Portada","item":"https:\/\/www.cuencasmineras.com\/"},{"@type":"ListItem","position":2,"name":"CAUDAL","item":"https:\/\/www.cuencasmineras.com\/index.php\/caudal\/"},{"@type":"ListItem","position":3,"name":"Morc\u00edn"}]},{"@type":"WebSite","@id":"https:\/\/www.cuencasmineras.com\/#website","url":"https:\/\/www.cuencasmineras.com\/","name":"","description":"","potentialAction":[{"@type":"SearchAction","target":{"@type":"EntryPoint","urlTemplate":"https:\/\/www.cuencasmineras.com\/?s={search_term_string}"},"query-input":{"@type":"PropertyValueSpecification","valueRequired":true,"valueName":"search_term_string"}}],"inLanguage":"es"}]}},"_links":{"self":[{"href":"https:\/\/www.cuencasmineras.com\/index.php\/wp-json\/wp\/v2\/pages\/69","targetHints":{"allow":["GET"]}}],"collection":[{"href":"https:\/\/www.cuencasmineras.com\/index.php\/wp-json\/wp\/v2\/pages"}],"about":[{"href":"https:\/\/www.cuencasmineras.com\/index.php\/wp-json\/wp\/v2\/types\/page"}],"author":[{"embeddable":true,"href":"https:\/\/www.cuencasmineras.com\/index.php\/wp-json\/wp\/v2\/users\/1"}],"replies":[{"embeddable":true,"href":"https:\/\/www.cuencasmineras.com\/index.php\/wp-json\/wp\/v2\/comments?post=69"}],"version-history":[{"count":13,"href":"https:\/\/www.cuencasmineras.com\/index.php\/wp-json\/wp\/v2\/pages\/69\/revisions"}],"predecessor-version":[{"id":4399,"href":"https:\/\/www.cuencasmineras.com\/index.php\/wp-json\/wp\/v2\/pages\/69\/revisions\/4399"}],"up":[{"embeddable":true,"href":"https:\/\/www.cuencasmineras.com\/index.php\/wp-json\/wp\/v2\/pages\/51"}],"wp:featuredmedia":[{"embeddable":true,"href":"https:\/\/www.cuencasmineras.com\/index.php\/wp-json\/wp\/v2\/media\/239"}],"wp:attachment":[{"href":"https:\/\/www.cuencasmineras.com\/index.php\/wp-json\/wp\/v2\/media?parent=69"}],"curies":[{"name":"wp","href":"https:\/\/api.w.org\/{rel}","templated":true}]}}