{"id":742,"date":"2020-09-22T20:44:10","date_gmt":"2020-09-22T20:44:10","guid":{"rendered":"https:\/\/www.cuencasmineras.com\/?page_id=742"},"modified":"2020-09-30T16:54:11","modified_gmt":"2020-09-30T16:54:11","slug":"centros-educativos-riosa","status":"publish","type":"page","link":"https:\/\/www.cuencasmineras.com\/index.php\/centros-educativos-riosa\/","title":{"rendered":"Centros Educativos Riosa"},"content":{"rendered":"<div class=\"tituloInterior\">\n<div class=\"wpb_text_column wpb_content_element \">\n<h2 class=\"wpb_wrapper\"><strong>Relaci\u00f3n de centros escolares y de educaci\u00f3n de Riosa:<\/strong><\/h2>\n<\/div>\n<ul>\n<li><a href=\"https:\/\/www.educastur.es\/directorio-de-centros?p_p_id=directoriocentros_WAR_educasturconsultasportlet&amp;p_p_lifecycle=0&amp;p_p_state=normal&amp;p_p_mode=view&amp;p_p_col_id=column-1&amp;p_p_col_pos=1&amp;p_p_col_count=3&amp;_directoriocentros_WAR_educasturconsultasportlet_mvcPath=%2Fhtml%2Fdirectoriocentros%2Fdatoscentro.jsp&amp;_directoriocentros_WAR_educasturconsultasportlet_centro_id=33010606\" target=\"_blank\" rel=\"noopener noreferrer external\" data-wpel-link=\"external\">CP. Alcalde Pr\u00f3spero Mart\u00ednez Su\u00e1rez<\/a> (La Ar\u00e1)\n<ul>\n<li><a href=\"tel:985 76 65 65\" data-wpel-link=\"internal\">Llamar: 985 76 65 65<\/a><\/li>\n<li>\u00a0<a href=\"https:\/\/www.ayuntamientoriosa.com\/web del colegio\">Web del colegio<\/a><\/li>\n<li><a href=\"mailto:alcaldep@educastur.princast.es\">alcaldep@educastur.princast.es<\/a><\/li>\n<li>Horario de octubre a mayo: De 09.00 a 14.00 horas. Junio y septiembre: De 09.00 a 13.00<\/li>\n<\/ul>\n<\/li>\n<\/ul>\n<\/div>\n<div class=\"contacto\"><\/div>\n","protected":false},"excerpt":{"rendered":"<p>Relaci\u00f3n de centros escolares y de educaci\u00f3n de Riosa: CP. Alcalde Pr\u00f3spero Mart\u00ednez Su\u00e1rez (La Ar\u00e1) Llamar: 985 76 65 65 \u00a0Web del colegio alcaldep@educastur.princast.es Horario de octubre a mayo: De 09.00 a 14.00 horas. Junio y septiembre: De 09.00 a 13.00<\/p>\n","protected":false},"author":1,"featured_media":1052,"parent":0,"menu_order":0,"comment_status":"closed","ping_status":"closed","template":"","meta":{"footnotes":""},"class_list":["post-742","page","type-page","status-publish","has-post-thumbnail","hentry"],"yoast_head":"<!-- This site is optimized with the Yoast SEO plugin v27.3 - https:\/\/yoast.com\/product\/yoast-seo-wordpress\/ -->\n<title>Centros Educativos Riosa - CuencasMineras.com<\/title>\n<meta name=\"description\" content=\"Estos son los tel\u00e9fonos y direcciones los centros educativos y\/o escuelas del concejo de Riosa.\" \/>\n<meta name=\"robots\" content=\"index, follow, max-snippet:-1, max-image-preview:large, max-video-preview:-1\" \/>\n<link rel=\"canonical\" href=\"https:\/\/www.cuencasmineras.com\/index.php\/centros-educativos-riosa\/\" \/>\n<meta property=\"og:locale\" content=\"es_ES\" \/>\n<meta property=\"og:type\" content=\"article\" \/>\n<meta property=\"og:title\" content=\"Centros Educativos Riosa - CuencasMineras.com\" \/>\n<meta property=\"og:description\" content=\"Estos son los tel\u00e9fonos y direcciones los centros educativos y\/o escuelas del concejo de Riosa.\" \/>\n<meta property=\"og:url\" content=\"https:\/\/www.cuencasmineras.com\/index.php\/centros-educativos-riosa\/\" \/>\n<meta property=\"article:modified_time\" content=\"2020-09-30T16:54:11+00:00\" \/>\n<meta property=\"og:image\" content=\"https:\/\/www.cuencasmineras.com\/wp-content\/uploads\/2020\/09\/20180917142421_goteras180917VTR.jpg\" \/>\n\t<meta property=\"og:image:width\" content=\"853\" \/>\n\t<meta property=\"og:image:height\" content=\"480\" \/>\n\t<meta property=\"og:image:type\" content=\"image\/jpeg\" \/>\n<meta name=\"twitter:card\" content=\"summary_large_image\" \/>\n<script type=\"application\/ld+json\" class=\"yoast-schema-graph\">{\"@context\":\"https:\\\/\\\/schema.org\",\"@graph\":[{\"@type\":\"WebPage\",\"@id\":\"https:\\\/\\\/www.cuencasmineras.com\\\/index.php\\\/centros-educativos-riosa\\\/\",\"url\":\"https:\\\/\\\/www.cuencasmineras.com\\\/index.php\\\/centros-educativos-riosa\\\/\",\"name\":\"Centros Educativos Riosa - CuencasMineras.com\",\"isPartOf\":{\"@id\":\"https:\\\/\\\/www.cuencasmineras.com\\\/#website\"},\"primaryImageOfPage\":{\"@id\":\"https:\\\/\\\/www.cuencasmineras.com\\\/index.php\\\/centros-educativos-riosa\\\/#primaryimage\"},\"image\":{\"@id\":\"https:\\\/\\\/www.cuencasmineras.com\\\/index.php\\\/centros-educativos-riosa\\\/#primaryimage\"},\"thumbnailUrl\":\"https:\\\/\\\/www.cuencasmineras.com\\\/wp-content\\\/uploads\\\/2020\\\/09\\\/20180917142421_goteras180917VTR.jpg\",\"datePublished\":\"2020-09-22T20:44:10+00:00\",\"dateModified\":\"2020-09-30T16:54:11+00:00\",\"description\":\"Estos son los tel\u00e9fonos y direcciones los centros educativos y\\\/o escuelas del concejo de Riosa.\",\"breadcrumb\":{\"@id\":\"https:\\\/\\\/www.cuencasmineras.com\\\/index.php\\\/centros-educativos-riosa\\\/#breadcrumb\"},\"inLanguage\":\"es\",\"potentialAction\":[{\"@type\":\"ReadAction\",\"target\":[\"https:\\\/\\\/www.cuencasmineras.com\\\/index.php\\\/centros-educativos-riosa\\\/\"]}]},{\"@type\":\"ImageObject\",\"inLanguage\":\"es\",\"@id\":\"https:\\\/\\\/www.cuencasmineras.com\\\/index.php\\\/centros-educativos-riosa\\\/#primaryimage\",\"url\":\"https:\\\/\\\/www.cuencasmineras.com\\\/wp-content\\\/uploads\\\/2020\\\/09\\\/20180917142421_goteras180917VTR.jpg\",\"contentUrl\":\"https:\\\/\\\/www.cuencasmineras.com\\\/wp-content\\\/uploads\\\/2020\\\/09\\\/20180917142421_goteras180917VTR.jpg\",\"width\":853,\"height\":480},{\"@type\":\"BreadcrumbList\",\"@id\":\"https:\\\/\\\/www.cuencasmineras.com\\\/index.php\\\/centros-educativos-riosa\\\/#breadcrumb\",\"itemListElement\":[{\"@type\":\"ListItem\",\"position\":1,\"name\":\"Portada\",\"item\":\"https:\\\/\\\/www.cuencasmineras.com\\\/\"},{\"@type\":\"ListItem\",\"position\":2,\"name\":\"Centros Educativos Riosa\"}]},{\"@type\":\"WebSite\",\"@id\":\"https:\\\/\\\/www.cuencasmineras.com\\\/#website\",\"url\":\"https:\\\/\\\/www.cuencasmineras.com\\\/\",\"name\":\"\",\"description\":\"\",\"potentialAction\":[{\"@type\":\"SearchAction\",\"target\":{\"@type\":\"EntryPoint\",\"urlTemplate\":\"https:\\\/\\\/www.cuencasmineras.com\\\/?s={search_term_string}\"},\"query-input\":{\"@type\":\"PropertyValueSpecification\",\"valueRequired\":true,\"valueName\":\"search_term_string\"}}],\"inLanguage\":\"es\"}]}<\/script>\n<!-- \/ Yoast SEO plugin. -->","yoast_head_json":{"title":"Centros Educativos Riosa - CuencasMineras.com","description":"Estos son los tel\u00e9fonos y direcciones los centros educativos y\/o escuelas del concejo de Riosa.","robots":{"index":"index","follow":"follow","max-snippet":"max-snippet:-1","max-image-preview":"max-image-preview:large","max-video-preview":"max-video-preview:-1"},"canonical":"https:\/\/www.cuencasmineras.com\/index.php\/centros-educativos-riosa\/","og_locale":"es_ES","og_type":"article","og_title":"Centros Educativos Riosa - CuencasMineras.com","og_description":"Estos son los tel\u00e9fonos y direcciones los centros educativos y\/o escuelas del concejo de Riosa.","og_url":"https:\/\/www.cuencasmineras.com\/index.php\/centros-educativos-riosa\/","article_modified_time":"2020-09-30T16:54:11+00:00","og_image":[{"width":853,"height":480,"url":"https:\/\/www.cuencasmineras.com\/wp-content\/uploads\/2020\/09\/20180917142421_goteras180917VTR.jpg","type":"image\/jpeg"}],"twitter_card":"summary_large_image","schema":{"@context":"https:\/\/schema.org","@graph":[{"@type":"WebPage","@id":"https:\/\/www.cuencasmineras.com\/index.php\/centros-educativos-riosa\/","url":"https:\/\/www.cuencasmineras.com\/index.php\/centros-educativos-riosa\/","name":"Centros Educativos Riosa - CuencasMineras.com","isPartOf":{"@id":"https:\/\/www.cuencasmineras.com\/#website"},"primaryImageOfPage":{"@id":"https:\/\/www.cuencasmineras.com\/index.php\/centros-educativos-riosa\/#primaryimage"},"image":{"@id":"https:\/\/www.cuencasmineras.com\/index.php\/centros-educativos-riosa\/#primaryimage"},"thumbnailUrl":"https:\/\/www.cuencasmineras.com\/wp-content\/uploads\/2020\/09\/20180917142421_goteras180917VTR.jpg","datePublished":"2020-09-22T20:44:10+00:00","dateModified":"2020-09-30T16:54:11+00:00","description":"Estos son los tel\u00e9fonos y direcciones los centros educativos y\/o escuelas del concejo de Riosa.","breadcrumb":{"@id":"https:\/\/www.cuencasmineras.com\/index.php\/centros-educativos-riosa\/#breadcrumb"},"inLanguage":"es","potentialAction":[{"@type":"ReadAction","target":["https:\/\/www.cuencasmineras.com\/index.php\/centros-educativos-riosa\/"]}]},{"@type":"ImageObject","inLanguage":"es","@id":"https:\/\/www.cuencasmineras.com\/index.php\/centros-educativos-riosa\/#primaryimage","url":"https:\/\/www.cuencasmineras.com\/wp-content\/uploads\/2020\/09\/20180917142421_goteras180917VTR.jpg","contentUrl":"https:\/\/www.cuencasmineras.com\/wp-content\/uploads\/2020\/09\/20180917142421_goteras180917VTR.jpg","width":853,"height":480},{"@type":"BreadcrumbList","@id":"https:\/\/www.cuencasmineras.com\/index.php\/centros-educativos-riosa\/#breadcrumb","itemListElement":[{"@type":"ListItem","position":1,"name":"Portada","item":"https:\/\/www.cuencasmineras.com\/"},{"@type":"ListItem","position":2,"name":"Centros Educativos Riosa"}]},{"@type":"WebSite","@id":"https:\/\/www.cuencasmineras.com\/#website","url":"https:\/\/www.cuencasmineras.com\/","name":"","description":"","potentialAction":[{"@type":"SearchAction","target":{"@type":"EntryPoint","urlTemplate":"https:\/\/www.cuencasmineras.com\/?s={search_term_string}"},"query-input":{"@type":"PropertyValueSpecification","valueRequired":true,"valueName":"search_term_string"}}],"inLanguage":"es"}]}},"_links":{"self":[{"href":"https:\/\/www.cuencasmineras.com\/index.php\/wp-json\/wp\/v2\/pages\/742","targetHints":{"allow":["GET"]}}],"collection":[{"href":"https:\/\/www.cuencasmineras.com\/index.php\/wp-json\/wp\/v2\/pages"}],"about":[{"href":"https:\/\/www.cuencasmineras.com\/index.php\/wp-json\/wp\/v2\/types\/page"}],"author":[{"embeddable":true,"href":"https:\/\/www.cuencasmineras.com\/index.php\/wp-json\/wp\/v2\/users\/1"}],"replies":[{"embeddable":true,"href":"https:\/\/www.cuencasmineras.com\/index.php\/wp-json\/wp\/v2\/comments?post=742"}],"version-history":[{"count":4,"href":"https:\/\/www.cuencasmineras.com\/index.php\/wp-json\/wp\/v2\/pages\/742\/revisions"}],"predecessor-version":[{"id":918,"href":"https:\/\/www.cuencasmineras.com\/index.php\/wp-json\/wp\/v2\/pages\/742\/revisions\/918"}],"wp:featuredmedia":[{"embeddable":true,"href":"https:\/\/www.cuencasmineras.com\/index.php\/wp-json\/wp\/v2\/media\/1052"}],"wp:attachment":[{"href":"https:\/\/www.cuencasmineras.com\/index.php\/wp-json\/wp\/v2\/media?parent=742"}],"curies":[{"name":"wp","href":"https:\/\/api.w.org\/{rel}","templated":true}]}}