{"id":83,"date":"2020-09-05T19:10:51","date_gmt":"2020-09-05T19:10:51","guid":{"rendered":"https:\/\/www.cuencasmineras.com\/?page_id=83"},"modified":"2021-01-10T22:55:15","modified_gmt":"2021-01-10T22:55:15","slug":"san-martin-del-rey-aurelio","status":"publish","type":"page","link":"https:\/\/www.cuencasmineras.com\/index.php\/nalon\/san-martin-del-rey-aurelio\/","title":{"rendered":"San Mart\u00edn del Rey Aurelio"},"content":{"rendered":"<div class=\"detalle\">\n<p><a href=\"https:\/\/www.smra.org\/\"><img loading=\"lazy\" decoding=\"async\" class=\"aligncenter size-full wp-image-1643\" src=\"https:\/\/www.cuencasmineras.com\/wp-content\/uploads\/2021\/01\/San-Martin-del-Rey-Aurelio-Banner.png\" alt=\"\" width=\"1412\" height=\"416\" srcset=\"https:\/\/www.cuencasmineras.com\/wp-content\/uploads\/2021\/01\/San-Martin-del-Rey-Aurelio-Banner.png 1412w, https:\/\/www.cuencasmineras.com\/wp-content\/uploads\/2021\/01\/San-Martin-del-Rey-Aurelio-Banner-300x88.png 300w, https:\/\/www.cuencasmineras.com\/wp-content\/uploads\/2021\/01\/San-Martin-del-Rey-Aurelio-Banner-1024x302.png 1024w, https:\/\/www.cuencasmineras.com\/wp-content\/uploads\/2021\/01\/San-Martin-del-Rey-Aurelio-Banner-768x226.png 768w\" sizes=\"auto, (max-width: 1412px) 100vw, 1412px\" \/><\/a><\/p>\n<p><strong>AYUNTAMIENTO\u00a0SAN MART\u00cdN DEL REY AURELIO\u00a0<\/strong><br \/>\n<strong>Plaza Nicanor Pi\u00f1ole, 2 &#8211;\u00a0Sotrondio &#8211; 33950<\/strong><\/p>\n<p><strong><a href=\"tel: 985 67 00 50\">Llamar: 985 67 00 50<\/a><\/strong><\/p>\n<p><strong>Mail:ayto@smra.org<\/strong><\/p>\n<p><strong>AYUNTAMIENTO AVER\u00cdAS<\/strong><\/p>\n<p><a href=\"tel:985 67 23 53\">Llamar: 985 67 23 53<\/a><\/p>\n<p><strong>PROTECCI\u00d3N CIVIL &#8211; BOMBEROS<\/strong><br \/>\nLa Central s\/n \u00b7 L&#8217;Entregu \/ El Entrego &#8211; 33940<\/p>\n<p><a href=\"tel:985 65 45 45\">Llamar: 985 65 45 45<\/a><\/p>\n<p><a href=\"tel:112\">Llamar: 112<\/a><\/p>\n<p><strong>POLIC\u00cdA LOCAL<\/strong><br \/>\n<strong>Ayuntamiento Sotrondio<br \/>\n<\/strong><\/p>\n<p><a href=\"tel:985 67 12 26\">Llamar: 985 67 12 26<\/a><\/p>\n<p><a href=\"tel:092\">Llamar: 092<\/a><\/p>\n<p><strong>\u00a0<\/strong><\/p>\n<p><strong>GUARDIA CIVIL<\/strong><br \/>\nPaseo de San Mart\u00edn n\u00ba 36 &#8211; Sotrondio &#8211; 33950<\/p>\n<p><a href=\"tel:985 609 005\">Llamar: 985 609 005<\/a><\/p>\n<p><strong>OFICINA DE\u00a0TURISMO DEL\u00a0NAL\u00d3N<\/strong><br \/>\nVicente Vallina, 10 \u00b7 Sotrondio \u00b7 33950 \u00b7 San Mart\u00edn del Rey Aurelio<\/p>\n<p><a href=\"tel:985 67 23 43\">Llamar: 985 67 23 43<\/a><\/p>\n<p><strong>MANCOMUNIDAD\u00a0DEL\u00a0NAL\u00d3N<\/strong><br \/>\nVicente Vallina, 10 \u00b7 Sotrondio \u00b7 33950 \u00b7 San Mart\u00edn del Rey Aurelio<\/p>\n<p><a href=\"tel:985 67 20 01\">Llamar: 985 67 20 01<\/a><\/p>\n<p><strong>JUZGADO DE PAZ<\/strong><br \/>\nPlaza Ram\u00f3n y Cajal n\u00ba1 &#8211; Sotrondio &#8211; 33950<\/p>\n<p><a href=\"tel:985 67 01 15\">Llamar: 985 67 01 15<\/a><\/p>\n<p><strong>SERVICIO DE EMPLEO DEL AYUNTAMIENTO<\/strong><br \/>\nPlaza Ram\u00f3n y Cajal n\u00ba 1 &#8211; Sotrondio &#8211; 33950<\/p>\n<p><a href=\"tel:985 65 76 30\">Llamar: 985 65 76 30<\/a><\/p>\n<p><strong>OFICINA DEL CONSUMIDOR<\/strong><br \/>\nVicente Vallina n\u00ba3 &#8211; Sotrondio &#8211; 33950<\/p>\n<p><a href=\"tel:985 67 25 96\">Llamar:985 67 25 96<\/a><\/p>\n<p><strong>HOSPITAL VALLE DEL NAL\u00d3N<\/strong><br \/>\nPol\u00edgono de Ria\u00f1o s\/n &#8211; Ria\u00f1o &#8211; 33920 &#8211; Langreo<\/p>\n<p><a href=\"tel: 985 65 20 00\">Llamar: 985 65 20 00<\/a><\/p>\n<p><strong>SERVICIOS SOCIALES\u00a0<\/strong><br \/>\nLes Carboneres 5, bajo &#8211; Sotrondio &#8211; 33950<\/p>\n<p><a href=\"tel:985 65 63 64\">Llamar: 985 65 63 64<\/a><\/p>\n<p>P\u00e9rez de Ayala s\/n, bajo -El Entrego- 33940<\/p>\n<p><a href=\"tel:985 66 28 24\">Llamar:985 66 28 24<\/a><\/p>\n<p><strong>PISCINA MUNICIPAL<\/strong><br \/>\nTraves\u00eda de Am\u00e9rica 1 &#8211; Sotrondio &#8211; 33950<\/p>\n<p><a href=\"tel:985 67 28 15\">Llamar: 985 67 28 15<\/a><\/p>\n<p><strong>CASA DE ENCUENTRO DE LAS MUJERES\u00a0<\/strong><br \/>\nAvenida de Sanfrechoso\u00a017-\u00a0Sotrondio &#8211; 33950<\/p>\n<p><a href=\"tel:985 67 12 22\">Llamar: 985 67 12 22<\/a><\/p>\n<p><strong>CENTRO\u00a0ASESOR DE LA\u00a0MUJER<\/strong><br \/>\nPaseo de San Mart\u00edn 30, Sotrondio &#8211; 33950<\/p>\n<p><a href=\"tel:985 67 01 22\">Llamar: 985 67 01 22<\/a><\/p>\n<\/div>\n","protected":false},"excerpt":{"rendered":"<p>AYUNTAMIENTO\u00a0SAN MART\u00cdN DEL REY AURELIO\u00a0 Plaza Nicanor Pi\u00f1ole, 2 &#8211;\u00a0Sotrondio &#8211; 33950 Llamar: 985 67 00 50 Mail:ayto@smra.org AYUNTAMIENTO AVER\u00cdAS Llamar: 985 67 23 53 PROTECCI\u00d3N CIVIL &#8211; BOMBEROS La Central s\/n \u00b7 L&#8217;Entregu \/ El Entrego &#8211; 33940 Llamar: 985 65 45 45 Llamar: 112 POLIC\u00cdA LOCAL Ayuntamiento Sotrondio Llamar: 985 67 12 26 [&hellip;]<\/p>\n","protected":false},"author":1,"featured_media":264,"parent":53,"menu_order":0,"comment_status":"closed","ping_status":"closed","template":"","meta":{"footnotes":""},"class_list":["post-83","page","type-page","status-publish","has-post-thumbnail","hentry"],"yoast_head":"<!-- This site is optimized with the Yoast SEO plugin v27.3 - https:\/\/yoast.com\/product\/yoast-seo-wordpress\/ -->\n<title>San Mart\u00edn del Rey Aurelio - CuencasMineras.com<\/title>\n<meta name=\"description\" content=\"Si eres habitante de San Mart\u00edn aqu\u00ed tienes toda la informaci\u00f3n de tu inter\u00e9s del concejo al que perteneces. \u00a1Esperemos que te guste!\" \/>\n<meta name=\"robots\" content=\"index, follow, max-snippet:-1, max-image-preview:large, max-video-preview:-1\" \/>\n<link rel=\"canonical\" href=\"https:\/\/www.cuencasmineras.com\/index.php\/nalon\/san-martin-del-rey-aurelio\/\" \/>\n<meta property=\"og:locale\" content=\"es_ES\" \/>\n<meta property=\"og:type\" content=\"article\" \/>\n<meta property=\"og:title\" content=\"San Mart\u00edn del Rey Aurelio - CuencasMineras.com\" \/>\n<meta property=\"og:description\" content=\"Si eres habitante de San Mart\u00edn aqu\u00ed tienes toda la informaci\u00f3n de tu inter\u00e9s del concejo al que perteneces. \u00a1Esperemos que te guste!\" \/>\n<meta property=\"og:url\" content=\"https:\/\/www.cuencasmineras.com\/index.php\/nalon\/san-martin-del-rey-aurelio\/\" \/>\n<meta property=\"article:modified_time\" content=\"2021-01-10T22:55:15+00:00\" \/>\n<meta property=\"og:image\" content=\"https:\/\/www.cuencasmineras.com\/wp-content\/uploads\/2020\/09\/200px-Escudo_de_San_Martin_del_Rey_Aurelio.svg.png\" \/>\n\t<meta property=\"og:image:width\" content=\"200\" \/>\n\t<meta property=\"og:image:height\" content=\"365\" \/>\n\t<meta property=\"og:image:type\" content=\"image\/png\" \/>\n<meta name=\"twitter:card\" content=\"summary_large_image\" \/>\n<meta name=\"twitter:label1\" content=\"Tiempo de lectura\" \/>\n\t<meta name=\"twitter:data1\" content=\"1 minuto\" \/>\n<script type=\"application\/ld+json\" class=\"yoast-schema-graph\">{\"@context\":\"https:\\\/\\\/schema.org\",\"@graph\":[{\"@type\":\"WebPage\",\"@id\":\"https:\\\/\\\/www.cuencasmineras.com\\\/index.php\\\/nalon\\\/san-martin-del-rey-aurelio\\\/\",\"url\":\"https:\\\/\\\/www.cuencasmineras.com\\\/index.php\\\/nalon\\\/san-martin-del-rey-aurelio\\\/\",\"name\":\"San Mart\u00edn del Rey Aurelio - CuencasMineras.com\",\"isPartOf\":{\"@id\":\"https:\\\/\\\/www.cuencasmineras.com\\\/#website\"},\"primaryImageOfPage\":{\"@id\":\"https:\\\/\\\/www.cuencasmineras.com\\\/index.php\\\/nalon\\\/san-martin-del-rey-aurelio\\\/#primaryimage\"},\"image\":{\"@id\":\"https:\\\/\\\/www.cuencasmineras.com\\\/index.php\\\/nalon\\\/san-martin-del-rey-aurelio\\\/#primaryimage\"},\"thumbnailUrl\":\"https:\\\/\\\/www.cuencasmineras.com\\\/wp-content\\\/uploads\\\/2020\\\/09\\\/200px-Escudo_de_San_Martin_del_Rey_Aurelio.svg.png\",\"datePublished\":\"2020-09-05T19:10:51+00:00\",\"dateModified\":\"2021-01-10T22:55:15+00:00\",\"description\":\"Si eres habitante de San Mart\u00edn aqu\u00ed tienes toda la informaci\u00f3n de tu inter\u00e9s del concejo al que perteneces. \u00a1Esperemos que te guste!\",\"breadcrumb\":{\"@id\":\"https:\\\/\\\/www.cuencasmineras.com\\\/index.php\\\/nalon\\\/san-martin-del-rey-aurelio\\\/#breadcrumb\"},\"inLanguage\":\"es\",\"potentialAction\":[{\"@type\":\"ReadAction\",\"target\":[\"https:\\\/\\\/www.cuencasmineras.com\\\/index.php\\\/nalon\\\/san-martin-del-rey-aurelio\\\/\"]}]},{\"@type\":\"ImageObject\",\"inLanguage\":\"es\",\"@id\":\"https:\\\/\\\/www.cuencasmineras.com\\\/index.php\\\/nalon\\\/san-martin-del-rey-aurelio\\\/#primaryimage\",\"url\":\"https:\\\/\\\/www.cuencasmineras.com\\\/wp-content\\\/uploads\\\/2020\\\/09\\\/200px-Escudo_de_San_Martin_del_Rey_Aurelio.svg.png\",\"contentUrl\":\"https:\\\/\\\/www.cuencasmineras.com\\\/wp-content\\\/uploads\\\/2020\\\/09\\\/200px-Escudo_de_San_Martin_del_Rey_Aurelio.svg.png\",\"width\":200,\"height\":365},{\"@type\":\"BreadcrumbList\",\"@id\":\"https:\\\/\\\/www.cuencasmineras.com\\\/index.php\\\/nalon\\\/san-martin-del-rey-aurelio\\\/#breadcrumb\",\"itemListElement\":[{\"@type\":\"ListItem\",\"position\":1,\"name\":\"Portada\",\"item\":\"https:\\\/\\\/www.cuencasmineras.com\\\/\"},{\"@type\":\"ListItem\",\"position\":2,\"name\":\"NAL\u00d3N\",\"item\":\"https:\\\/\\\/www.cuencasmineras.com\\\/index.php\\\/nalon\\\/\"},{\"@type\":\"ListItem\",\"position\":3,\"name\":\"San Mart\u00edn del Rey Aurelio\"}]},{\"@type\":\"WebSite\",\"@id\":\"https:\\\/\\\/www.cuencasmineras.com\\\/#website\",\"url\":\"https:\\\/\\\/www.cuencasmineras.com\\\/\",\"name\":\"\",\"description\":\"\",\"potentialAction\":[{\"@type\":\"SearchAction\",\"target\":{\"@type\":\"EntryPoint\",\"urlTemplate\":\"https:\\\/\\\/www.cuencasmineras.com\\\/?s={search_term_string}\"},\"query-input\":{\"@type\":\"PropertyValueSpecification\",\"valueRequired\":true,\"valueName\":\"search_term_string\"}}],\"inLanguage\":\"es\"}]}<\/script>\n<!-- \/ Yoast SEO plugin. -->","yoast_head_json":{"title":"San Mart\u00edn del Rey Aurelio - CuencasMineras.com","description":"Si eres habitante de San Mart\u00edn aqu\u00ed tienes toda la informaci\u00f3n de tu inter\u00e9s del concejo al que perteneces. \u00a1Esperemos que te guste!","robots":{"index":"index","follow":"follow","max-snippet":"max-snippet:-1","max-image-preview":"max-image-preview:large","max-video-preview":"max-video-preview:-1"},"canonical":"https:\/\/www.cuencasmineras.com\/index.php\/nalon\/san-martin-del-rey-aurelio\/","og_locale":"es_ES","og_type":"article","og_title":"San Mart\u00edn del Rey Aurelio - CuencasMineras.com","og_description":"Si eres habitante de San Mart\u00edn aqu\u00ed tienes toda la informaci\u00f3n de tu inter\u00e9s del concejo al que perteneces. \u00a1Esperemos que te guste!","og_url":"https:\/\/www.cuencasmineras.com\/index.php\/nalon\/san-martin-del-rey-aurelio\/","article_modified_time":"2021-01-10T22:55:15+00:00","og_image":[{"width":200,"height":365,"url":"https:\/\/www.cuencasmineras.com\/wp-content\/uploads\/2020\/09\/200px-Escudo_de_San_Martin_del_Rey_Aurelio.svg.png","type":"image\/png"}],"twitter_card":"summary_large_image","twitter_misc":{"Tiempo de lectura":"1 minuto"},"schema":{"@context":"https:\/\/schema.org","@graph":[{"@type":"WebPage","@id":"https:\/\/www.cuencasmineras.com\/index.php\/nalon\/san-martin-del-rey-aurelio\/","url":"https:\/\/www.cuencasmineras.com\/index.php\/nalon\/san-martin-del-rey-aurelio\/","name":"San Mart\u00edn del Rey Aurelio - CuencasMineras.com","isPartOf":{"@id":"https:\/\/www.cuencasmineras.com\/#website"},"primaryImageOfPage":{"@id":"https:\/\/www.cuencasmineras.com\/index.php\/nalon\/san-martin-del-rey-aurelio\/#primaryimage"},"image":{"@id":"https:\/\/www.cuencasmineras.com\/index.php\/nalon\/san-martin-del-rey-aurelio\/#primaryimage"},"thumbnailUrl":"https:\/\/www.cuencasmineras.com\/wp-content\/uploads\/2020\/09\/200px-Escudo_de_San_Martin_del_Rey_Aurelio.svg.png","datePublished":"2020-09-05T19:10:51+00:00","dateModified":"2021-01-10T22:55:15+00:00","description":"Si eres habitante de San Mart\u00edn aqu\u00ed tienes toda la informaci\u00f3n de tu inter\u00e9s del concejo al que perteneces. \u00a1Esperemos que te guste!","breadcrumb":{"@id":"https:\/\/www.cuencasmineras.com\/index.php\/nalon\/san-martin-del-rey-aurelio\/#breadcrumb"},"inLanguage":"es","potentialAction":[{"@type":"ReadAction","target":["https:\/\/www.cuencasmineras.com\/index.php\/nalon\/san-martin-del-rey-aurelio\/"]}]},{"@type":"ImageObject","inLanguage":"es","@id":"https:\/\/www.cuencasmineras.com\/index.php\/nalon\/san-martin-del-rey-aurelio\/#primaryimage","url":"https:\/\/www.cuencasmineras.com\/wp-content\/uploads\/2020\/09\/200px-Escudo_de_San_Martin_del_Rey_Aurelio.svg.png","contentUrl":"https:\/\/www.cuencasmineras.com\/wp-content\/uploads\/2020\/09\/200px-Escudo_de_San_Martin_del_Rey_Aurelio.svg.png","width":200,"height":365},{"@type":"BreadcrumbList","@id":"https:\/\/www.cuencasmineras.com\/index.php\/nalon\/san-martin-del-rey-aurelio\/#breadcrumb","itemListElement":[{"@type":"ListItem","position":1,"name":"Portada","item":"https:\/\/www.cuencasmineras.com\/"},{"@type":"ListItem","position":2,"name":"NAL\u00d3N","item":"https:\/\/www.cuencasmineras.com\/index.php\/nalon\/"},{"@type":"ListItem","position":3,"name":"San Mart\u00edn del Rey Aurelio"}]},{"@type":"WebSite","@id":"https:\/\/www.cuencasmineras.com\/#website","url":"https:\/\/www.cuencasmineras.com\/","name":"","description":"","potentialAction":[{"@type":"SearchAction","target":{"@type":"EntryPoint","urlTemplate":"https:\/\/www.cuencasmineras.com\/?s={search_term_string}"},"query-input":{"@type":"PropertyValueSpecification","valueRequired":true,"valueName":"search_term_string"}}],"inLanguage":"es"}]}},"_links":{"self":[{"href":"https:\/\/www.cuencasmineras.com\/index.php\/wp-json\/wp\/v2\/pages\/83","targetHints":{"allow":["GET"]}}],"collection":[{"href":"https:\/\/www.cuencasmineras.com\/index.php\/wp-json\/wp\/v2\/pages"}],"about":[{"href":"https:\/\/www.cuencasmineras.com\/index.php\/wp-json\/wp\/v2\/types\/page"}],"author":[{"embeddable":true,"href":"https:\/\/www.cuencasmineras.com\/index.php\/wp-json\/wp\/v2\/users\/1"}],"replies":[{"embeddable":true,"href":"https:\/\/www.cuencasmineras.com\/index.php\/wp-json\/wp\/v2\/comments?post=83"}],"version-history":[{"count":7,"href":"https:\/\/www.cuencasmineras.com\/index.php\/wp-json\/wp\/v2\/pages\/83\/revisions"}],"predecessor-version":[{"id":1644,"href":"https:\/\/www.cuencasmineras.com\/index.php\/wp-json\/wp\/v2\/pages\/83\/revisions\/1644"}],"up":[{"embeddable":true,"href":"https:\/\/www.cuencasmineras.com\/index.php\/wp-json\/wp\/v2\/pages\/53"}],"wp:featuredmedia":[{"embeddable":true,"href":"https:\/\/www.cuencasmineras.com\/index.php\/wp-json\/wp\/v2\/media\/264"}],"wp:attachment":[{"href":"https:\/\/www.cuencasmineras.com\/index.php\/wp-json\/wp\/v2\/media?parent=83"}],"curies":[{"name":"wp","href":"https:\/\/api.w.org\/{rel}","templated":true}]}}